- 118. Is r composite?
True
Suppose -5*f = -5*j - 31950, 3*j + 6 = 3. Is f composite?
False
Suppose 12 - 29 = b. Let g = 146 - b. Suppose -29 = 2*y - g. Is y a prime number?
True
Let s(w) = -23*w + 1. Let j be (6/(-5))/((-18)/(-120)). Let q be s(j). Suppose 2*y = y + q. Is y prime?
False
Let c = -104157 + 148024. Is c composite?
False
Let p(n) = -788*n**3 - 2*n**2 - n. Is p(-1) a prime number?
True
Suppose -5*q - p - 1132 = 0, 0 = 6*q - 2*q + 4*p + 912. Is 1 + (q/(-1) - 4) composite?
False
Is (-1)/((-5 - -6)*3/(-1671)) prime?
True
Is (-818)/4*(-340)/10 prime?
False
Let y = 11621 + -7930. Is y composite?
False
Let f = 11491 + -5364. Is f composite?
True
Let v(d) = d**2 - 12*d + 7. Suppose 4*q + t = -88 + 229, -q + 3*t + 45 = 0. Suppose -2*w + 4*o = -q, -o = 5*w - 31 - 37. Is v(w) composite?
True
Let l = -10 - -14. Suppose -4*m + 3*m = p, 0 = 2*m - l*p. Suppose -29 = -z + 5*b, 0 = -m*b + 3*b - 12. Is z composite?
True
Suppose 0 = -0*f + 3*f. Suppose f = -2*v - 4*s + 1482, 4*s - 2218 = -3*v + 3*s. Is v composite?
False
Suppose -5*k - 9 = 5*p - 2*p, 2*k - 15 = 5*p. Let z(q) = 8*q + q**3 + 27 + 94 - q - 6*q. Is z(k) composite?
True
Let w(g) = -840*g - 1. Is w(-11) a prime number?
True
Let a = 50 + -39. Let k(b) = b**3 - 8*b**2 - b - 45. Is k(a) a prime number?
True
Suppose 36276 - 450 = 3*v. Is 1/(-5) + 1 + v/10 composite?
True
Let o(n) = 41*n - 21. Is o(62) a composite number?
False
Let k = 74991 + -36470. Is k a prime number?
False
Let y = 902 - 357. Is 1*y/25 + 2/10 composite?
True
Let q(p) = 2*p + 41. Let b be q(-19). Is ((-39)/(-36)*b)/((-2)/(-88)) a composite number?
True
Let d = 1253 + -1819. Let k = -312 - d. Suppose -b + k = b. Is b a prime number?
True
Let l = -92 - -157. Let u be 2/12 + 42/(-36). Is 3 + l - (2 - u) a composite number?
True
Let q(y) = -67*y - 9. Suppose -3*i - 4*w = 4, 5*w + 0*w = 3*i + 49. Is q(i) prime?
False
Let a = 3196 - 863. Is a a composite number?
False
Let a = 70911 - 40280. Is a composite?
False
Suppose 4*x + 4002 = 3*w, 2*x - 4*w + 8*w = -2012. Let i = x - -2270. Suppose -3*r + i = r. Is r a prime number?
True
Let a = 1147 + 886. Let d = -1410 + a. Is d composite?
True
Let t(j) = -2*j**3 - 2*j - 1. Let m be t(-1). Suppose -2*v + 95 = -r, -5*v + m*r = r - 238. Suppose -i = -2*c + 178, -4*c - 5*i + 280 + v = 0. Is c composite?
True
Suppose 2*h + 69 = 59, 0 = 3*a - h - 26948. Is a composite?
True
Suppose 24 = -8*c - 8. Is -2*-9014*(-1)/c prime?
True
Let p(z) = 5*z**3 + 6*z**2 + 9*z + 1. Let o(j) = 26*j**3 + 29*j**2 + 44*j + 5. Let l(h) = 2*o(h) - 11*p(h). Is l(-9) a prime number?
True
Is (-10 + 11)*(1198 - 5) prime?
True
Is ((-2)/(-3))/(2190848/(-1095432) - -2) composite?
True
Let q = -18 - -28. Let k be ((-12)/q)/((-8)/20). Suppose -5*u + r + 635 = -3*r, -k*u + 381 = -3*r. Is u a composite number?
False
Let d(q) = -38*q**3 - 3*q**2 - 5*q + 7. Is d(-4) prime?
True
Let t(l) = 35*l**2 - 10 + 3 - 11*l**2 - 7*l**2 + 3*l. Is t(-5) a prime number?
False
Let t = -18129 + 31340. Is t composite?
True
Let p = -6 - -71. Suppose -q = -0 - p. Suppose -m - 3*m - q = -n, -2*n + 160 = -2*m. Is n a prime number?
False
Is ((-2333)/3)/(-5 + (-70)/(-15)) composite?
False
Let n(y) = -151*y + 18. Let j be 1/(6/9)*-2. Is n(j) a prime number?
False
Let c(a) = a**3 - 7*a**2 - 3*a + 5. Let d be c(8). Is (-66)/(-4) - d/30 a prime number?
False
Suppose -y = -5*s - 0*s - 1, y + 2*s - 8 = 0. Let g = -6 + 2. Is (g/y)/(3/(-657)) a composite number?
True
Is 815584/44 + (-1 - -6) + -2 prime?
True
Let z = -177 + 376. Suppose -q + 12 = -z. Is q a composite number?
False
Suppose -38 = -r - 8. Suppose 698 = 4*y + r. Is y prime?
True
Let c(q) = -q**2 - 3*q + 3. Let w be c(-3). Let r(a) = 4*a**2 + 3 - 6*a + w*a**2 + 3*a**3 - 6*a**2. Is r(4) a prime number?
False
Suppose -x + 3*x = -5*q + 146, -2*q = 5*x - 323. Suppose -11*c + 14*c = x. Is c composite?
True
Suppose -21 = -2*f - 19. Is 51/(-9)*(-50 - f) composite?
True
Let x = 20 - 20. Suppose -324 = -j + 3*p, x*j + 2*p + 325 = j. Is j prime?
False
Let j = 16681 - 8712. Is j a composite number?
True
Is (11/22)/((-2)/(-7588)) - -4 prime?
True
Suppose -98*b + 554825 = -33077. Is b a composite number?
True
Let f = -20 + 59. Suppose 2*l - 394 = -2*p, -p - 5*l - f = -248. Is p prime?
False
Suppose 0 = -m - 2*c + 2213, -3*m + 4*c + 6286 = -303. Is m a composite number?
False
Suppose 160 = 2*g - 6*g. Is (-1857)/(-5) + -2 + g/(-25) prime?
False
Let s be (-1 - 6 - -4)*4300/(-3). Let a = -1167 + s. Is a prime?
False
Suppose 5*l - 2*l - 9 = 0. Is (-6)/l*-41*5/2 prime?
False
Let u = -5203 + 10638. Is u a prime number?
False
Let u be (-46)/(-138) - ((-17)/3 + 1). Suppose -3*b - 3950 = -2*f + 9098, 5*b = u*f - 32615. Is f a prime number?
True
Suppose -14 = -5*n - 2*a, 2*n + 2*a + 3 = 5. Suppose -s = n*s - 955. Is s a composite number?
False
Let a be 3*10*1/6. Let o be (63 + -4)*a/1. Suppose -4*b + o = b. Is b a prime number?
True
Suppose -5*x - t - 5569 = -20629, -4*t - 15035 = -5*x. Is x a composite number?
False
Suppose 4*b = -l + 3*b - 11, 5*b = -5. Let m(n) = 15*n**2 - 3*n + 4. Let v be m(l). Is (-3)/(-15) + v/5 a prime number?
True
Let q(c) = 2*c**3 + 3*c**2 + 6*c + 4513. Is q(0) a prime number?
True
Suppose -2*g - 3*j = -2 - 0, 3*j + 22 = 4*g. Suppose 0 = -g*c + 8050 + 1482. Is c composite?
False
Is (-298)/((-2)/((-6)/((-12)/1646))) composite?
True
Let o = 11217 + -3716. Is o prime?
False
Suppose -47*g = -52*g - 4*j + 223835, -3*j + 89527 = 2*g. Is g prime?
True
Let z = 730 - 56. Let q = 1261 - z. Is q prime?
True
Suppose 2*o = 5*m - 177, 3*o - 3*m = -5*m - 237. Let f = 203 + o. Is f composite?
True
Let a = 3037 + 2110. Is a prime?
True
Suppose 0 = 12*m + 10*m - 623678. Is m a prime number?
True
Let d(g) = -g + 1. Let x be d(-1). Suppose 0 = -n + 1 + x. Suppose -5*a = -n*a - 14. Is a composite?
False
Let c(l) = 8*l**2 - 8*l - 29. Let o = -1 - -9. Is c(o) a composite number?
False
Let v(i) be the third derivative of -5*i**4/12 - 31*i**3/6 + 10*i**2. Is v(-18) prime?
True
Let v = -44157 + 62750. Is v composite?
False
Suppose 2*z = 5*r - 21006, 0*r + 5*z = -3*r + 12616. Suppose 978 + r = 4*n. Suppose 9*w - n = 4*w. Is w a prime number?
False
Suppose -318*j + 307*j = -946165. Is j a prime number?
False
Suppose 10*u = 5*u + 10. Let g be 2 - (3 - 6) - u. Is 92 - (3/g)/(-1) a composite number?
True
Is (1/(-4))/(2/(-44984)) composite?
False
Let u = -57255 - -83344. Is u prime?
False
Let m(f) = 2*f - 18. Let p be m(11). Suppose -4*t + 2*d + 219 = 1221, 5*d = p*t + 987. Let a = t - -384. Is a prime?
True
Let j be 57/19 - (4 + -2 + -2721). Suppose -3*o + 35 + j = 0. Is o a composite number?
False
Let q = -87 + 89. Suppose -t + 2352 = 3*t - 4*n, -5*t = q*n - 2905. Is t a prime number?
False
Let s = 338298 + -238493. Is s prime?
False
Let c(u) = 5*u + 58. Let v be c(-11). Suppose -v*r + 5067 = 6*r. Is r a composite number?
False
Let y = -2 + 7. Suppose -y*m - 729 = -4*a, 4*m + 3*a + 578 = a. Let h = m + 294. Is h composite?
False
Suppose c + 5 = -c - 3*m, 0 = 3*c - 2*m - 12. Is 10/((c/179)/1) prime?
False
Is (-3)/(24/(-90265)) - (-66)/(-528) a prime number?
False
Let l(f) = 72*f**2 + 5*f + 2. Let q be l(5). Suppose q = 3*p - 1608. Is p a composite number?
True
Let b be 8/32 + (-3178)/8. Let g = 48 - b. Is g a prime number?
False
Suppose 2*z + 4 = -2*h, 0*h - 2*z = 5*h + 16. Is 208 + 3*h/(-12) prime?
False
Suppose 104 = 5*a - 3*a. Suppose 3*i - 21 = -2*o, 4*o - 2*i - 2*i - a = 0. Is 3/(-9) + 6040/o a composite number?
False
Let z(f) = 477*f - 70. Is z(3) a prime number?
True
Let v(d) = -27 + 42*d - 22*d - 18*d. Let a be v(15). Suppose j + a*j = 1580. Is j prime?
False
Suppose -152*p - 310 = -153*p. Let n = p + 2689. Is n prime?
True
Let o = 691 + -36. Let h = -206 + o. Is h prime?
True
Let s(g) = g**3 + 8*g**2 - 9*g + 4. Let y be -8 + 1/(0 + -1). Let m be s(y). Let p = 10 + m. Is p a prime number?
False
Let m(l) = -l**3 + 2*l**2 - 16*l + 1. Let v(i) = -i**3 + 3*i**2 - 16*i. Let n(s) = 3*m(s) - 4*v(s). Is n(8) a prime number?
False
Is ((-18)/(-36))/(399447/199722 - 2) composite?
False
Let c = -73 + 80. Let j(h) be the second derivative of 3*h**5/20 - h**4/2 - 3*h**3/2 + 17*h**2/2 + h. Is j(c) a composite number?
True
Let f(a) = -2*a + 47 - 1 - a**2 + 36*a. Is f(19) a composite number?
False
Let b(j) = 16*j - 6. Let l be b(